er?
True
Is 1887774081 a prime number?
False
Is 2762551703 prime?
True
Is 157260714991 a composite number?
False
Is 10059555791 composite?
False
Is 2766976969 composite?
False
Is 2436197149 prime?
True
Is 37466714039 a prime number?
True
Is 3354159751 a composite number?
True
Is 818787803 prime?
True
Is 83193119727 prime?
False
Is 57143321 prime?
True
Is 6656292361 a prime number?
False
Is 28529429503 a prime number?
False
Is 179081083 prime?
False
Is 32575112833 a prime number?
True
Is 1082299859 a prime number?
True
Is 6470635063 prime?
False
Is 880411423 a prime number?
False
Is 1117293451 a prime number?
False
Is 280955303 composite?
False
Is 13457072609 composite?
False
Is 113833717 composite?
True
Is 38260087 a composite number?
False
Is 84730024657 a prime number?
False
Is 2444207083 a prime number?
True
Is 798155719 a prime number?
False
Is 227354671 prime?
False
Is 212952719 a prime number?
False
Is 321090353 a composite number?
False
Is 3751613615 composite?
True
Is 5244642211 a composite number?
False
Is 4840765513 a composite number?
False
Is 248034463 a composite number?
True
Is 115404015217 a prime number?
False
Is 153935386411 a composite number?
False
Is 8485398167 a composite number?
False
Is 9969042137 a prime number?
True
Is 2646376639 prime?
False
Is 2141557981 a composite number?
False
Is 290587537 prime?
True
Is 79499732539 prime?
True
Is 118282223 prime?
True
Is 1105196663 a composite number?
False
Is 26060954639 prime?
True
Is 325212247 prime?
False
Is 21662466151 a prime number?
True
Is 292311823 a composite number?
False
Is 107824751 a composite number?
False
Is 5926447981 a prime number?
True
Is 19116148969 a prime number?
False
Is 575575937 a prime number?
True
Is 4087913345 prime?
False
Is 660829171 a prime number?
False
Is 2810261193 a composite number?
True
Is 1539644501 a prime number?
False
Is 29174839439 a composite number?
False
Is 14338547669 a prime number?
False
Is 113563187 a prime number?
True
Is 140795118671 a composite number?
True
Is 100003091 prime?
True
Is 970585669 a prime number?
False
Is 7709483069 a composite number?
False
Is 8351737 a composite number?
True
Is 1206896297 a prime number?
True
Is 2129044717 composite?
True
Is 1364141521 prime?
False
Is 5267591809 prime?
False
Is 106863629 prime?
True
Is 2502618581 prime?
True
Is 842118257 composite?
True
Is 9159287957 a prime number?
True
Is 17210962729 composite?
False
Is 3440631707 prime?
False
Is 482076137 a prime number?
True
Is 43798627031 prime?
True
Is 555490747 composite?
True
Is 3128511917 a prime number?
True
Is 146383577 a prime number?
True
Is 294338482189 a prime number?
True
Is 140799469 a prime number?
False
Is 18994774541 prime?
False
Is 13004141939 a prime number?
True
Is 1643410829 composite?
True
Is 1596134629 composite?
True
Is 7883741 prime?
True
Is 230116807 a prime number?
False
Is 198148265849 a prime number?
True
Is 50182410893 composite?
False
Is 249276773 a prime number?
True
Is 1176036311 composite?
True
Is 4446905083 a composite number?
True
Is 12610896967 prime?
True
Is 50991462479 a prime number?
True
Is 4600410557 composite?
False
Is 35832943 composite?
False
Is 16178787301 a composite number?
False
Is 35218206761 a composite number?
True
Is 1664694637 a composite number?
True
Is 163641737201 prime?
False
Is 1405353299 a composite number?
True
Is 44023621441 prime?
True
Is 24525439019 prime?
True
Is 21956258978 a composite number?
True
Is 105800791 composite?
False
Is 2995582061 composite?
False
Is 546025357 composite?
False
Is 346151123 a prime number?
True
Is 1167782303 a composite number?
True
Is 1135969687 composite?
False
Is 5766169553 prime?
False
Is 8312947 a composite number?
False
Is 31898311 prime?
False
Is 2055070481 a composite number?
False
Is 132987239773 a composite number?
False
Is 179481941 a composite number?
False
Is 2971219838 a composite number?
True
Is 17706482117 a prime number?
False
Is 20636404743 a prime number?
False
Is 98256833 composite?
False
Is 294108119 prime?
True
Is 1943911127 composite?
True
Is 40169019601 a composite number?
False
Is 85849906169 a prime number?
False
Is 4537411391 composite?
False
Is 4501047563 prime?
False
Is 38043176242 prime?
False
Is 1990469251 composite?
False
Is 36110579 a composite number?
False
Is 36320441923 prime?
False
Is 11776722487 prime?
False
Is 88559888699 a composite number?
False
Is 5231022127 composite?
False
Is 14253959 a composite number?
False
Is 4163409689 composite?
True
Is 387929231 a prime number?
True
Is 491217607 prime?
False
Is 2205916535 a prime number?
False
Is 1339016243 a composite number?
True
Is 7161713147 prime?
False
Is 1907661394 a composite number?
True
Is 19115224649 a composite number?
True
Is 22711030241 a prime number?
True
Is 25451946274 a prime number?
False
Is 9124238377 composite?
False
Is 8078580221 a prime number?
True
Is 2821488643 a composite number?
True
Is 7584368443 a composite number?
True
Is 30393324431 a prime number?
True
Is 17013114179 a composite number?
False
Is 132478799 composite?
False
Is 11388769097 a composite number?
False
Is 13702700377 composite?
False
Is 42600182551 composite?
False
Is 48465013 a prime number?
True
Is 8898910571 a prime number?
True
Is 2942199881 a prime number?
True
Is 2202251119 a composite number?
True
Is 519634753 a composite number?
True
Is 12968267129 a prime number?
False
Is 65981789 a prime number?
True
Is 303925629831 prime?
False
Is 376433231 a composite number?
False
Is 11779433843 a composite number?
False
Is 4665487231 a prime number?
True
Is 27885842015 a prime number?
False
Is 2828036699 composite?
True
Is 770691683 composite?
False
Is 5402801557 a prime number?
True
Is 16040388541 a prime number?
False
Is 474768287 a prime number?
False
Is 216893041 a prime number?
False
Is 21666041021 a prime number?
True
Is 2448745613 a composite number?
True
Is 27325177067 a prime number?
False
Is 3776887453 prime?
True
Is 423101687 composite?
True
Is 2202408257 a prime number?
False
Is 32252439191 prime?
False
Is 350258239 a prime number?
True
Is 5668149287 a prime number?
False
Is 425337791 a composite number?
False
Is 62092244233 prime?
False
Is 2092801979 composite?
True
Is 1499513761 composite?
True
Is 1960133705 prime?
False
Is 20190600371 a prime number?
False
Is 18873649343 a prime number?
False
Is 69200777 a prime number?
False
Is 92780190445 composite?
True
Is 126123443 prime?
True
Is 3150723365 prime?
False
Is 2235173527 composite?
True
Is 1832516143 a composite number?
True
Is 84906783597 prime?
False
Is 112486128254 composite?
True
Is 143062403 a prime number?
False
Is 411616038047 a prime number?
True
Is 5618527751 a prime number?
True
Is 256083041 a prime number?
True
Is 3160582219 prime?
True
Is 6349205531 composite?
False
Is 696980839 a prime number?
True
Is 4102885349 composite?
True
Is 427092041 prime?
False
Is 11226819919 a composite number?
True
Is 5252053309 prime?
True
Is 4032125021 prime?
True
Is 595621357 a composite number?
True
Is 2865227143 a composite number?
False
Is 258285571 a prime number?
False
Is 46107915127 prime?
False
Is 4121837779 prime?
False
Is 1185873559 composite?
True
Is 2346767689 a composite number?
True
Is 73392109843 composite?
True
Is 11918301677 a composite number?
True
Is 8924904473 a prime number?
False
Is 299641487 prime?
False
Is 22940211457 a composite number?
True
Is 34037426867 composite?
False
Is 1597004063 prime?
True
Is 20206759541 composite?
False
Is 13199339 a composite number?
True
Is 38408062201 prime?
True
Is 21475426199 prime?
True
Is 1127933519 composite?
False
Is 25681347917 a prime number?
True
Is 932961659 a composite number?
True
Is 60785819 prime?
True
Is 84085141927 a prime number?
True
Is 10117414181 composite?
True
Is 7522067549 a prime number?
True
Is 30678766751 composite?
False
Is 657839447 a composite number?
False
Is 698687387 a prime number?
False
Is 19626009571 prime?
False
Is 2054167837 a composite number?
False
Is 342818797 composite?
True
Is 4019706641 a prime number?
True
Is 147932773 composite?
True
Is 2483962961 prime?
True
Is 429746531 a prime number?
True
Is 141676073993 prime?
True
Is 34335622921 composite?
True
Is 28853411021 a prime number?
False
Is 409139033 a composite number?
